 g composite?
False
Is 60/54 + 6821790/270 prime?
False
Let g = -324 - -329. Suppose 2*r + 3*w = 10634, g*r - 2*w - 14654 = 11969. Is r composite?
False
Let j be 3 + 3*(-10)/(-5). Suppose 3*y - j = 0, -y - 2790 = -3*l - 2*y. Is l a composite number?
False
Let p = -257 + 246. Let z(t) = -3485*t - 168. Is z(p) composite?
False
Let y(v) = v**2 + 5*v + 3. Let b be y(-5). Is 17/(-51) + 8332/9*b a composite number?
False
Suppose 0 = 187*g + 9790736 - 119226315. Is g a prime number?
True
Let t(o) = o**3 - 2*o**2 + o - 5. Suppose -7 - 8 = 3*l. Let r be 7 - (l + -1)*1/(-2). Is t(r) prime?
True
Let m(s) = 7*s**3 - 10*s**2 + 19*s - 2. Let t be m(5). Let b = t - 307. Is b a prime number?
False
Let l(q) = 29310*q - 4141. Is l(3) prime?
False
Let m = 555 + -555. Is m + ((-2)/(-4) - (-230283)/54) prime?
False
Let k(q) = -14907*q + 379. Is k(-12) prime?
False
Suppose 5*n - 448823 = -12*k + 8*k, -2*n = 2. Is k a composite number?
False
Let q(t) be the second derivative of 1007*t**5/120 - 29*t**4/12 + 13*t**3/6 + 11*t. Let z(v) be the second derivative of q(v). Is z(9) composite?
True
Suppose -8 + 38 = 5*i. Let b(k) = 255*k - 22. Let n be b(i). Let s = n + -861. Is s a composite number?
False
Suppose 10186*t = 10164*t + 6855266. Is t prime?
True
Suppose -i + 591 + 1759 = 0. Let c = i + -1279. Is ((-7)/28 + c/12)*1 a composite number?
False
Let y(s) be the third derivative of 7*s**5/4 + s**4/6 + 17*s**3/6 + 4*s**2 - 7*s. Is y(-10) a prime number?
True
Let y(z) = -3*z - 42. Let l be y(-15). Suppose 4*d = -l*t - 501, 489 = -8*d + 4*d + t. Is d/(-4) - (1 - 0)/(-4) a prime number?
True
Suppose 2*i - 3 = -1. Suppose 3*q + 23 = 2*r - 0*q, q = -i. Let u(z) = 15*z**2 + 21*z + 25. Is u(r) a composite number?
True
Let r(u) = -55*u + 1. Let o be r(-1). Is -1 - o/(-12)*(245 + 1) a composite number?
True
Suppose -147309 = 15*i - 16*i + 4*x, 4*i + x - 589117 = 0. Is i a prime number?
False
Suppose 5*u - 3*w - 2019437 = 0, -3*u + 1250*w = 1245*w - 1211643. Is u a composite number?
True
Suppose 19*g + 2*p + 1614359 = 22*g, -5*g + 2*p = -2690593. Is g prime?
True
Let b = 63895 - 20028. Is b a composite number?
False
Let k(n) = 2*n - 15. Let u be k(7). Suppose 0 = 3*w + 2*i - 11566, 14094 = 4*w + 3*i - 1326. Is u - (w - 0)/(-3) a composite number?
True
Is 99/11 + 117528 + 8 composite?
True
Let z be (-11 - -8)*2*(-2)/(-12). Let j(g) = -6048*g + 17. Is j(z) a prime number?
False
Let k = 48123 - 29994. Is k a prime number?
False
Let q be (-3 - 5) + 7 - -4. Suppose -31*a = -q*n - 33*a + 20156, n - 6714 = 4*a. Is n composite?
True
Let o be -1*(3 - 4) + 9. Let y(t) = -t**3 + 14*t**2 + 6*t - 13. Let i be y(o). Suppose 5*h - i - 163 = 0. Is h a composite number?
True
Suppose 123 - 1149 = 6*u. Let t be 1/(-9) + (-153748)/u. Suppose -4*d + 3*j = -6*d + t, -902 = -2*d - 4*j. Is d composite?
True
Suppose 13*g + 5 - 44 = 0. Suppose -g*f = -3*t - 39822, -3*t = 5*f - 62826 - 3536. Is f a composite number?
True
Suppose -29*s = -10*s + 95. Let y(t) = 45*t**2 - t + 21. Is y(s) composite?
False
Let o(f) = -f**3 + 84*f**2 + f + 129. Is o(61) a prime number?
False
Let g(n) = 156*n + 3953. Is g(0) a prime number?
False
Let k be (4/12 + 2/(-6))/3. Suppose k = w + 2 - 5. Suppose 5*u + w*i = 556, 3*i - i - 220 = -2*u. Is u composite?
False
Suppose -5*j + 4*y + 1935 = -177, 2*y = j - 426. Let o = -287 - -289. Suppose -2*x + j = -b, o*x - 412 = 6*b - b. Is x composite?
False
Let i = 2063313 + -757058. Is i a prime number?
False
Let k be (-9)/45 + 104/20. Let y be (-934)/(33/95 - 10/25). Suppose 5*q + 2*j - y - 11327 = 0, 5 = -k*j. Is q a composite number?
True
Let y = 380475 + -179446. Is y prime?
False
Let h be (-79169)/(-3) + -2 + 5/15. Suppose -11*a + 4*w = -7*a - h, 2*w = 5*a - 32988. Is a prime?
False
Let b(q) = -q + 234 + 8*q + 18*q**2 - 217. Let c(x) = 4*x**3 + 2*x**2 - 2*x + 1. Let v be c(1). Is b(v) prime?
False
Let y = -103 - -155. Let q = y + -220. Let u = -41 - q. Is u a prime number?
True
Let w(v) = 177*v**2 + v - 67. Is w(12) a composite number?
True
Let z be ((-20)/(-35) + (-420775)/(-28))*-4. Let d = z + 86800. Is d a composite number?
False
Let u be (-2 + (-16)/(-5))/((-4)/(-10)). Suppose -4748 = -u*y + s, 7*y - 2*y = s + 7910. Suppose -20 = -4*c, -2*c - 3914 = -3*g + y. Is g prime?
False
Let b = 10418 - 3419. Suppose -2*t - t = -b. Is t a prime number?
True
Let s = 293 - 293. Suppose s = -42*x + 49*x - 12929. Is x prime?
True
Let u = -57 - -60. Suppose 0 = u*o + 4*o - 14. Suppose o*c - 88 - 214 = -2*f, -5*c = -2*f + 267. Is f a composite number?
True
Suppose 421*l - 429*l - 6440 = 0. Let m = l - -1398. Is m composite?
False
Let k = -392 + 397. Suppose k*v - 1596 = 6119. Is v a composite number?
False
Suppose -5*x = -1 + 16, 2*l = x + 133. Is ((-1121)/95)/((-1)/l) a prime number?
False
Is (-828)/(-138)*(-35897)/(-6) prime?
True
Is ((6927/(-9))/1)/(10/(-570)) a prime number?
False
Let d(k) = -1251*k + 68. Let w be 4*(93/(-12) - -7). Is d(w) a composite number?
False
Let k(w) = 1545*w**3 + 2*w**2 - w - 1. Let f be k(1). Suppose 0 = 160*i - 155*i - f. Is i prime?
False
Suppose 33*q + 1024352 - 2310285 = 1949948. Is q a prime number?
True
Suppose -16 = -w - 4*i, -2*w - 2*i + 5 = -9. Let k be (-3)/5 + 138/30. Suppose f + 2237 = x + k*x, 1778 = w*x + 5*f. Is x composite?
True
Let s(h) = 1316*h - 283. Is s(85) composite?
False
Let i = 73 - 173. Let z = -96 - i. Suppose z*k = 2*f + 5600, -2*k = 2*k - 4*f - 5604. Is k a composite number?
False
Is (-46259)/(-3)*198/66 prime?
False
Let v be (-10)/15 + (-8156)/(-12). Let z = v + -10. Is z a composite number?
True
Suppose 14*r - 9*r = -4*r + 3132873. Is r composite?
False
Let p be (-5)/(-5)*(2 + -13). Let d = 5647 - 3811. Let c = d - p. Is c a composite number?
False
Suppose -10*u - 815 - 161575 = 0. Let m = 39638 + u. Is m a composite number?
False
Let o be 1*(-3 + 4) + 1. Let c be o/(4 + (-40)/12). Suppose 0 = -2*f - 8, 2*f - c*f = -5*z + 5369. Is z prime?
False
Suppose 0 = -713*p + 732*p - 3385933. Is p composite?
False
Suppose 83150 = -15*k - 37615. Let l = 12644 + k. Is l prime?
False
Let i(r) be the first derivative of 95*r**2/2 - 182*r - 236. Is i(19) composite?
True
Suppose -10*a = -13*a - 3. Let z(q) = -3*q**3 + q**2 - 2*q - 2. Let f be z(a). Suppose -469 = -3*i - f*i. Is i a prime number?
True
Suppose k = 2*c - 4*k + 53, -23 = 2*c + 5*k. Let w be (c/(-6) - (-4)/(-24)) + 3. Is w/4*(-1528)/(-6) + -3 a prime number?
True
Let o(m) = -607*m + 64 + 14 + 34 - 6. Is o(-9) a composite number?
False
Let g be 2 + 10/(-4) + 5/10. Suppose -5*o = -4*o - 3. Suppose o*i + g*n - 913 = 4*n, -i - 3*n + 313 = 0. Is i a composite number?
False
Suppose 4*z + 16 = 2*z. Let r be -16*(3 - (-212)/z). Is (3 - r/3)*-15 composite?
True
Suppose -5*v = -5*u - 0*v, 3*u - 18 = -3*v. Suppose -o - 4*c = 4*o - 447, -3*o - u*c + 267 = 0. Suppose o*f - 35 = 86*f. Is f prime?
True
Suppose 153*b - 73924 = 149*b. Is b a prime number?
True
Is 5737/((0 - -2)*8/16) prime?
True
Suppose -2*d + 18431 = -5*g, 2*d = -4*g - 2446 + 20922. Let s = d - 4115. Is s prime?
True
Suppose -34*w = 14*w - 2261111 - 6891193. Is w a prime number?
False
Let g = -2512 - -5921. Is g composite?
True
Let t = 237762 + -94709. Is t composite?
False
Let i = -37 - -40. Suppose 0 = -2*h - 6, 0*p + i*h + 49 = 4*p. Is 1*719 + (p - 8) composite?
True
Suppose 3*o = -7 + 16. Suppose 5*i + o = 23. Suppose -i*u + 466 = -10. Is u prime?
False
Suppose 16*f + 65512 = -72952. Let x = f + 12247. Is x a prime number?
True
Let z = -3726 + -1641. Let y = 11720 + z. Is y a prime number?
True
Let n be 478671/33 - (6 - (-128)/(-22)). Suppose 0 = -0*f + 3*f - n. Is f a prime number?
False
Suppose 4*s - 10*s + 30 = 0. Suppose 3*p + p = s*h - 53, 4*p = 2*h - 26. Is 1213 + 3/h*0 a prime number?
True
Suppose 0 = 17*x - 58 - 27. Suppose 3*g + 7525 = x*c - 13905, g - 5 = 0. Is c a prime number?
True
Let v = -108 - -139. Suppose v*f - 25*f = 48. Suppose 0 = f*g - 6176 - 392. Is g prime?
True
Let s(d) = d**2 + 6*d + 10. Let t be s(-4). Let f be t + 0 + -2 + 16387 + 2. Suppose 0*m - 9*m = -f. Is m composite?
True
Suppose 6*q - 2*q - 3131233 = 3*a, -3914042 = -5*q + 3*a. Is q a prime number?
False
Let o(c) = -14057*c**3 + 9*c**2 + 17*c + 2. Is o(-3) prime?
True
Let r(z) = 2*z**2 - 14*z + 40. Let x be r(9). Let s be (-1)/((312/x - 4)/14).